7 (base 16) to base 5.
10200341
What is -623615 (base 7) in base 9?
-172665
What is -162bc (base 14) in base 3?
-2211001021
What is 102010011010 (base 3) in base 7?
1600635
What is 101221211100 (base 3) in base 7?
1555512
3044445 (base 8) to base 2
11000100100100100101
3005316 (base 7) to base 8
1265006
What is -11786375 (base 9) in base 11?
-32a1334
Convert -1000101010110 (base 2) to base 9.
-6071
What is 202002010122 (base 3) in base 16?
607d0
15a11b8 (base 12) to base 11
2562524
616334 (base 7) to base 3
12100200102
-7c08ac (base 15) to base 10
-5925087
What is -188888 (base 11) in base 5?
-33234031
What is -1251413 (base 7) in base 5?
-20220232
What is -1bcb334 (base 13) in base 10?
-9278481
-12011638 (base 10) to base 13
-26473a2
Convert 1e7e30 (base 16) to base 14.
3a03ba
What is 22c3a5d (base 14) in base 6?
1351531323
What is -15353114 (base 7) in base 4?
-11220023213
What is -3219136 (base 13) in base 9?
-31655571
What is 53477 (base 8) in base 14?
81d5
What is 10111000000001000 (base 2) in base 10?
94216
What is 102111201121 (base 3) in base 10?
226519
What is 3340224 (base 7) in base 10?
413088
What is 89ab0 (base 14) in base 8?
1214472
What is 125dc52 (base 14) in base 9?
17555746
What is ab32c (base 13) in base 11?
1a2171
What is 531621 (base 15) in base 5?
2003003011
What is -2432012 (base 6) in base 10?
-128744
Convert -365101 (base 11) to base 3.
-1002100120010
What is 130262a (base 11) in base 14?
42ad14
What is 1002031012 (base 4) in base 11?
175812
Convert 201220301 (base 4) to base 7.
1112453
Convert -51a39a (base 13) to base 12.
-77bb52
Convert 18a460 (base 14) to base 16.
d53f4
Convert -426640 (base 7) to base 14.
-1d190
What is 426bb7 (base 13) in base 6?
53214325
What is 13323230220 (base 4) in base 10?
2079528
Convert -1111011000111001 (base 2) to base 16.
-f639
What is 26051741 (base 9) in base 14?
19ac882
-11774 (base 15) to base 8
-154604
What is 1111110000101010 (base 2) in base 10?
64554
-40100 (base 13) to base 14
-2d9a5
-232061 (base 7) to base 8
-121112
Convert -1111111100011011 (base 2) to base 13.
-23958
What is 20c58 (base 16) in base 9?
224116
What is -3320123 (base 5) in base 16?
-e0c2
Convert 9775e (base 16) to base 2.
10010111011101011110
Convert -11000001000010111010001 (base 2) to base 6.
-343325413
What is -10010001100011111111001 (base 2) in base 15?
-64340a
What is c39c5b (base 13) in base 6?
241445204
-550433 (base 7) to base 12
-47858
-31030223103 (base 4) to base 12
-11aa243
-29d831 (base 15) to base 11
-115a801
4c7e1 (base 16) to base 9
526705
-100757 (base 10) to base 11
-69778
What is 160a55 (base 11) in base 10?
250167
425442 (base 11) to base 7
5533315
What is 666531 (base 8) in base 7?
1623546
100101001000100111111 (base 2) to base 4
10221010333
What is -3301432102 (base 5) in base 14?
-d1b62b
Convert -34f1d7 (base 16) to base 4.
-31033013113
-2022304241 (base 5) to base 13
-b08b2c
Convert -11300322112 (base 4) to base 7.
-15562300
Convert -511021 (base 6) to base 11.
-283a2
Convert 200133001001 (base 4) to base 15.
b3324e
What is 3215625 (base 10) in base 2?
1100010001000100001001
-10110100211 (base 3) to base 15
-15277
What is 16cfb (base 16) in base 4?
112303323
Convert -e463d (base 15) to base 11.
-454771
1332a3 (base 14) to base 10
661839
What is -283748 (base 10) in base 15?
-59118
609a027 (base 11) to base 9
22241717
What is -1938c (base 16) in base 5?
-11301213
What is ab10c (base 13) in base 11?
1a1970
Convert -a00328 (base 12) to base 6.
-125202052
Convert -6107509 (base 10) to base 12.
-2066531
Convert 2bfb75 (base 16) to base 10.
2882421
Convert -43589b0 (base 12) to base 9.
-26083126
What is 37104 (base 11) in base 7?
311404
12b321 (base 12) to base 8
1135011
2030146 (base 7) to base 14
64596
-104bb (base 12) to base 15
-6555
Convert 237457 (base 10) to base 3.
110001201201
-36417 (base 13) to base 2
-11000010011101001
Convert -19917a8 (base 11) to base 12.
-1159725
What is 20b6e (base 15) in base 16?
19595
What is 4543032 (base 6) in base 8?
703674
Convert 100011010001001001 (base 2) to base 15.
2cc07
756274 (base 8) to base 12
102590
Convert -101100101100100001101 (base 2) to base 10.
-1464589
-1424423320 (base 5) to base 9
-7043074
What is 5674573 (base 9) in base 6?
145334233
-2556442 (base 7) to base 11
-208723
What is -24212 (base 7) in base 12?
-3775
Convert 10143104 (base 5) to base 8.
244272
Convert -679344 (base 10) to base 16.
-a5db0
Convert -1005711 (base 9) to base 15.
-a8aad
100011112210 (base 3) to base 4
230003232
82d51 (base 15) to base 12
180027
What is -1232054 (base 7) in base 11?
-a966a
What is -d36c3 (base 14) in base 8?
-1742073
Convert 1205023 (base 6) to base 2.
1111011101000111
Convert 1579917 (base 12) to base 14.
8248dd
What is 224506 (base 9) in base 6?
2514523
Convert 1032132400 (base 5) to base 4.
20132333210
1101010110000111110 (base 2) to base 3
211012212200
Convert 12201001222 (base 3) to base 6.
2223555
What is 191967 (base 10) in base 3?
100202022220
What is 3208342 (base 9) in base 7?
20415206
4d1db (base 15) to base 16
3c416
Convert 1112102043 (base 5) to base 9.
4553640
What is 4874384 (base 9) in base 8?
12062426
42044254 (base 6) to base 7
13235356
32394 (base 10) to base 11
2237a
What is 2538376 (base 11) in base 2?
10000110011000011000010
Convert 31013110223 (base 4) to base 9.
6418772
-6aea53 (base 16) to base 12
-241aa43
What is -10654415 (base 7) in base 10?
-937970
Convert -5d8214 (base 15) to base 8.
-21062645
135305 (base 10) to base 12
66375
What is -9d2b6 (base 14) in base 13?
-104b22
-241560 (base 7) to base 10
-43848
What is 1602066 (base 8) in base 9?
770682
Convert 2120100111101 (base 3) to base 11.
852644
What is 611201 (base 8) in base 13?
70851
What is 21626653 (base 7) in base 6?
104050121
242514 (base 8) to base 16
1454c
Convert -1030198 (base 11) to base 9.
-3366617
What is 1103301303 (base 4) in base 10?
343155
What is -25105 (base 12) in base 10?
-50261
Convert 1b830a (base 15) to base 7.
14265115
21aaa2 (base 12) to base 3
1000021221212
-6044516 (base 7) to base 4
-2233011020
-24331301 (base 5) to base 7
-1646066
-22201021200 (base 3) to base 7
-1313031
What is 6274b (base 12) in base 8?
373653
15135024 (base 6) to base 5
113312401
5b313 (base 14) to base 3
102022201102
What is 2424455 (base 8) in base 7?
5442255
Convert -23200002 (base 4) to base 9.
-71550
What is -20713301 (base 8) in base 9?
-8301122
Convert -1122102222201 (base 3) to base 10.
-874792
What is 1032034443 (base 5) in base 8?
10362300
Convert -c37ca (base 13) to base 6.
-11303252
Convert -507572 (base 11) to base 5.
-202042011
What is -254347 (base 13) in base 5?
-212112440
What is -81764 (base 12) in base 13?
-5ba2c
Convert -92443 (base 10) to base 15.
-1c5cd
What is 1694f (base 16) in base 2?
10110100101001111
-1d497b (base 14) to base 9
-1870386
Convert -144141444 (base 6) to base 7.
-34331260
31220300 (base 4) to base 12
283a8
What is 1444232 (base 5) in base 15?
9397
1b0908 (base 13) to base 9
1256335
What is -492b7 (base 15) in base 3?
-102212022001
314130245 (base 6) to base 4
111002331311
87a53 (base 12) to base 15
382ac
What is -140023440 (base 5) in base 4?
-2230011212
What is 2455214 (base 6) in base 4?
200033122
2132341030 (base 5) to base 10
4574515
b32680 (base 12) to base 16
2ac840
What is 596f0 (base 16) in base 7?
3053663
What is -101001110110111100 (base 2) in base 13?
-60068
Convert 22200021100 (base 3) to base 13.
5c973
b5694 (base 13) to base 4
1033222103
What is 10210212011000 (base 3) in base 9?
3725130
Convert 1507873 (base 9) to base 5.
203120003
What is a4402a (base 12) in base 2?
1001110101011100100010
What is 232342110 (base 5) in base 8?
4024326
-127176 (base 13) to base 10
-444060
Convert -33050110 (base 6) to base 2.
-11110000110010111010
1011001100000011 (base 2) to base 9
68768
-43134002 (base 5) to base 2
-1011001000101001101
What is 4446006 (base 7) in base 3?
1000220202120
What is -c582a (base 13) in base 4?
-1112230201
What is -32540 (base 7) in base 3?
-102012022
What is -135002a (base 11) in base 6?
-121521315
1121100022122 (base 3) to base 4
3100102223
Convert 2023 (base 7) to base 15.
31d
207377 (base 15) to base 3
2220101211011
-11002222112 (base 3) to base 7
-454610
Convert -1568e (base 16) to base 7.
